{"id":16,"date":"2021-10-29T23:27:52","date_gmt":"2021-10-29T21:27:52","guid":{"rendered":"https:\/\/przyjaznydomek.com.pl\/przedszkole2\/?page_id=16"},"modified":"2024-03-14T14:40:16","modified_gmt":"2024-03-14T13:40:16","slug":"zapisy","status":"publish","type":"page","link":"https:\/\/przyjaznydomek.com.pl\/przedszkole2\/zapisy\/","title":{"rendered":"Zapisy"},"content":{"rendered":"\n<p>O PRZYJ\u0118CIU DZIECKA DO&nbsp;NASZEJ PLAC\u00d3WKI DECYDUJE KOLEJNO\u015a\u0106 ZG\u0141OSZE\u0143, DZIECI PRZYJMOWANE S\u0104&nbsp;W ZALE\u017bNO\u015aCI OD&nbsp;ILO\u015aCI WOLNYCH MIEJSC W&nbsp;DANEJ GRUPIE WIEKOWEJ<\/p>\n\n\n\n<p><strong><em><u>KLAUZULA INFORMACYJNA<\/u><\/em><\/strong>&nbsp;do&nbsp;przetwarzania danych osobowych<\/p>\n\n\n\n<p>Na podstawie art. 13&nbsp;ust. 1&nbsp;Rozporz\u0105dzenia Parlamentu Europejskiego i&nbsp;Rady (UE) 2016\/679 z&nbsp;dnia 27&nbsp;kwietnia 2016 r. w&nbsp;sprawie ochrony os\u00f3b fizycznych w&nbsp;zwi\u0105zku z&nbsp;przetwarzaniem danych osobowych i&nbsp;w&nbsp;sprawie swobodnego przep\u0142ywu takich danych (og\u00f3lne rozporz\u0105dzenie o&nbsp;ochronie danych), zwane dalej RODO, informujemy Pa\u0144stwa, \u017ce:<\/p>\n\n\n\n<figure class=\"wp-block-table\"><table><tbody><tr><td><strong>Administratorem Pa\u0144stwa Danych jest:<\/strong>Niepubliczne Przedszkole Terapeutyczne \u201ePrzyjazny Domek\u201d w&nbsp;Bia\u0142ymstokuz siedzib\u0105: ul. Przyjazna 39, 15&nbsp;\u2013 666 Bia\u0142ystok, tel. 668 772 259<\/td><\/tr><tr><td><strong>Pa\u0144stwa dane b\u0119d\u0105 przetwarzane w&nbsp;celu:<\/strong>realizacji obowi\u0105zku prawnego<\/td><td>&nbsp;<\/td><\/tr><tr><td><strong>Podstaw\u0105 do&nbsp;przetwarzania Pa\u0144stwa danych osobowych jest:<\/strong>udzielona przez Pana\/Pani\u0105 zgoda na&nbsp; przetwarzanie danych wynika z&nbsp;realizacja obowi\u0105zku prawnego wynikaj\u0105cego z&nbsp; przepis\u00f3w prawa o\u015bwiatowego.<\/td><\/tr><tr><td><strong>Informacja o&nbsp;przekazywaniu danych do&nbsp;innych podmiot\u00f3w:<\/strong>Pa\u0144stwa dane nie s\u0105&nbsp;przekazywane innym podmiotom niewymienionym w&nbsp;przepisach prawa.<\/td><\/tr><tr><td><strong>Okres przechowywania danych:<\/strong>Pa\u0144stwa dane b\u0119d\u0105 przechowywane przez okres przewidziany w&nbsp;przepisach prawa.<\/td><\/tr><tr><td><strong>Maj\u0105 Pa\u0144stwo prawo do:<\/strong>dost\u0119pu do&nbsp;swoich danych oraz mo\u017cliwo\u015b\u0107 ich sprostowania,usuni\u0119cia lub ograniczenia przetwarzania swoich danych,wniesienia sprzeciwu wobec przetwarzania,przenoszenia danych,cofni\u0119cia wyra\u017conej zgody na&nbsp;przetwarzanie danych,wniesienia skargi do&nbsp; organu nadzorczego.<\/td><\/tr><tr><td><strong>Podane przez Pa\u0144stwa dane s\u0105:<\/strong>wymogiem przepis\u00f3w prawa o\u015bwiatowego.<\/td><\/tr><tr><td><strong>Pa\u0144stwa dane:<\/strong>nie podlegaj\u0105 zautomatyzowanemu systemowi podejmowania decyzji lub profilowaniu<\/td><\/tr><\/tbody><\/table><\/figure>\n\n\n\n<p>Aby zg\u0142osi\u0107 dziecko do&nbsp;naszej plac\u00f3wki, nale\u017cy pobra\u0107 oraz wype\u0142ni\u0107 kart\u0119 zg\u0142oszenia. Wype\u0142nion\u0105 kart\u0119 oraz ksero orzeczenia o&nbsp;potrzebie kszta\u0142cenia specjalnego nale\u017cy z\u0142o\u017cy\u0107 w&nbsp;sekretariacie plac\u00f3wki.<\/p>\n\n\n\n<div class=\"wp-block-file\"><a id=\"wp-block-file--media-a5471639-b072-42c5-bbc4-9b20d30baee6\" href=\"https:\/\/przyjaznydomek.com.pl\/przedszkole2\/wp-content\/uploads\/sites\/3\/2024\/03\/karta_zgloszenia_dziecka-1-2.doc\">Karta zg\u0142oszenia dziecka 2024\/2025<\/a><a href=\"https:\/\/przyjaznydomek.com.pl\/przedszkole2\/wp-content\/uploads\/sites\/3\/2024\/03\/karta_zgloszenia_dziecka-1-2.doc\" class=\"wp-block-file__button wp-element-button\" download aria-describedby=\"wp-block-file--media-a5471639-b072-42c5-bbc4-9b20d30baee6\">Pobierz<\/a><\/div>\n\n\n\n<p>W przedszkolu realizowane s\u0105&nbsp;tak\u017ce&nbsp;<strong>BEZP\u0141ATNE<\/strong>&nbsp;zaj\u0119cia w&nbsp;ramach&nbsp;<strong>wczesnego wspomagania rozwoju dziecka<\/strong>.<\/p>\n\n\n\n<p>Aby zg\u0142osi\u0107 dziecko na&nbsp;ten rodzaj zaj\u0119\u0107, nale\u017cy wype\u0142ni\u0107 wniosek o&nbsp;realizacj\u0119 zaj\u0119\u0107 wczesnego wspomagania rozwoju. Wype\u0142niony wniosek oraz skan opinii o&nbsp;wczesnym wspomaganiu rozwoju (wydany przez poradni\u0119 publiczn\u0105) mo\u017cna przes\u0142a\u0107 mailem lub z\u0142o\u017cy\u0107&nbsp; w&nbsp;sekretariacie plac\u00f3wki.<\/p>\n\n\n\n<div class=\"wp-block-file\"><a id=\"wp-block-file--media-9b817b2b-1aef-4228-b84b-1ec9bdb39496\" href=\"https:\/\/przyjaznydomek.com.pl\/przedszkole2\/wp-content\/uploads\/sites\/3\/2024\/03\/wniosek_wczesne_wspomaganie-1.doc\">Wniosek Wczesne Wspomaganie rozwoju dziecka 2024\/2025<\/a><a href=\"https:\/\/przyjaznydomek.com.pl\/przedszkole2\/wp-content\/uploads\/sites\/3\/2024\/03\/wniosek_wczesne_wspomaganie-1.doc\" class=\"wp-block-file__button wp-element-button\" download aria-describedby=\"wp-block-file--media-9b817b2b-1aef-4228-b84b-1ec9bdb39496\">Pobierz<\/a><\/div>\n\n\n\n<p>Aby zg\u0142osi\u0107 dziecko do&nbsp;naszej plac\u00f3wki, mo\u017cna r\u00f3wnie\u017c&nbsp; wype\u0142ni\u0107 formularz dost\u0119pny poni\u017cej oraz do\u0142\u0105czy\u0107 skan orzeczenia o&nbsp;potrzebie kszta\u0142cenia specjalnego.<\/p>\n\n\n\n<div class=\"wp-block-contact-form-7-contact-form-selector\"><div role=\"form\" class=\"wpcf7\" id=\"wpcf7-f15-o1\" lang=\"pl-PL\" dir=\"ltr\">\n<div class=\"screen-reader-response\"><p role=\"status\" aria-live=\"polite\" aria-atomic=\"true\"><\/p> <ul><\/ul><\/div>\n<form action=\"\/przedszkole2\/wp-json\/wp\/v2\/pages\/16#wpcf7-f15-o1\" method=\"post\" class=\"wpcf7-form init\" enctype=\"multipart\/form-data\" novalidate=\"novalidate\" data-status=\"init\">\n<div style=\"display: none;\">\n<input type=\"hidden\" name=\"_wpcf7\" value=\"15\" \/>\n<input type=\"hidden\" name=\"_wpcf7_version\" value=\"5.5.6\" \/>\n<input type=\"hidden\" name=\"_wpcf7_locale\" value=\"pl_PL\" \/>\n<input type=\"hidden\" name=\"_wpcf7_unit_tag\" value=\"wpcf7-f15-o1\" \/>\n<input type=\"hidden\" name=\"_wpcf7_container_post\" value=\"0\" \/>\n<input type=\"hidden\" name=\"_wpcf7_posted_data_hash\" value=\"\" \/>\n<input type=\"hidden\" name=\"_wpcf7_recaptcha_response\" value=\"\" \/>\n<\/div>\n<div class=\"send\">\n<div class=\"row\">\n<div class=\"col-12\">\n<h2>Formularz zg\u0142oszeniowy<\/h2>\n<h3>Dane dziecka<\/h3>\n<div class=\"child\">\n<div class=\"row\">\n<div class=\"col-sm-4\"><label>Imi\u0119<\/label><span class=\"wpcf7-form-control-wrap child-name\"><input type=\"text\" name=\"child-name\" value=\"\" size=\"40\" class=\"wpcf7-form-control wpcf7-text wpcf7-validates-as-required\" aria-required=\"true\" aria-invalid=\"false\" \/><\/span><\/div>\n<div class=\"col-sm-4\"><label>Nazwisko<\/label><span class=\"wpcf7-form-control-wrap child-surname\"><input type=\"text\" name=\"child-surname\" value=\"\" size=\"40\" class=\"wpcf7-form-control wpcf7-text wpcf7-validates-as-required\" aria-required=\"true\" aria-invalid=\"false\" \/><\/span><\/div>\n<div class=\"col-sm-4 birth\"><label>Data urodzenia<\/label><span class=\"wpcf7-form-control-wrap child-birth\"><input type=\"date\" name=\"child-birth\" value=\"\" class=\"wpcf7-form-control wpcf7-date wpcf7-validates-as-required wpcf7-validates-as-date\" aria-required=\"true\" aria-invalid=\"false\" \/><\/span><\/div>\n<\/div>\n<\/div>\n<h3>Dane rodzic\u00f3w\/opiekun\u00f3w dziecka<\/h3>\n<\/div>\n<\/div>\n<div class=\"row\">\n<div class=\"col-sm-6\">\n<div class=\"p1\">\n        <label>Imi\u0119<\/label> <span class=\"wpcf7-form-control-wrap p1-name\"><input type=\"text\" name=\"p1-name\" value=\"\" size=\"40\" class=\"wpcf7-form-control wpcf7-text wpcf7-validates-as-required\" aria-required=\"true\" aria-invalid=\"false\" \/><\/span><br \/>\n        <label>Nazwisko<\/label> <span class=\"wpcf7-form-control-wrap p1-surname\"><input type=\"text\" name=\"p1-surname\" value=\"\" size=\"40\" class=\"wpcf7-form-control wpcf7-text wpcf7-validates-as-required\" aria-required=\"true\" aria-invalid=\"false\" \/><\/span><br \/>\n        <label>Adres zamieszkania<\/label> <span class=\"wpcf7-form-control-wrap p1-address\"><input type=\"text\" name=\"p1-address\" value=\"\" size=\"40\" class=\"wpcf7-form-control wpcf7-text wpcf7-validates-as-required\" aria-required=\"true\" aria-invalid=\"false\" \/><\/span><br \/>\n        <label>Telefon do natychmiastowego kontaktu<\/label> <span class=\"wpcf7-form-control-wrap p1-phone\"><input type=\"text\" name=\"p1-phone\" value=\"\" size=\"40\" class=\"wpcf7-form-control wpcf7-text wpcf7-validates-as-required\" aria-required=\"true\" aria-invalid=\"false\" \/><\/span><br \/>\n        <label>E-mail<\/label> <span class=\"wpcf7-form-control-wrap p1-email\"><input type=\"email\" name=\"p1-email\" value=\"\" size=\"40\" class=\"wpcf7-form-control wpcf7-text wpcf7-email wpcf7-validates-as-required wpcf7-validates-as-email\" aria-required=\"true\" aria-invalid=\"false\" \/><\/span>\n      <\/div>\n<\/div>\n<div class=\"col-sm-6\">\n<div class=\"p2\">\n        <label>Imi\u0119<\/label> <span class=\"wpcf7-form-control-wrap p2-name\"><input type=\"text\" name=\"p2-name\" value=\"\" size=\"40\" class=\"wpcf7-form-control wpcf7-text\" aria-invalid=\"false\" \/><\/span><br \/>\n        <label>Nazwisko<\/label> <span class=\"wpcf7-form-control-wrap p2-surname\"><input type=\"text\" name=\"p2-surname\" value=\"\" size=\"40\" class=\"wpcf7-form-control wpcf7-text\" aria-invalid=\"false\" \/><\/span><br \/>\n        <label>Adres zamieszkania<\/label> <span class=\"wpcf7-form-control-wrap p2-address\"><input type=\"text\" name=\"p2-address\" value=\"\" size=\"40\" class=\"wpcf7-form-control wpcf7-text\" aria-invalid=\"false\" \/><\/span><br \/>\n        <label>Telefon do natychmiastowego kontaktu<\/label> <span class=\"wpcf7-form-control-wrap p2-phone\"><input type=\"text\" name=\"p2-phone\" value=\"\" size=\"40\" class=\"wpcf7-form-control wpcf7-text\" aria-invalid=\"false\" \/><\/span><br \/>\n        <label>E-mail<\/label> <span class=\"wpcf7-form-control-wrap p2-email\"><input type=\"email\" name=\"p2-email\" value=\"\" size=\"40\" class=\"wpcf7-form-control wpcf7-text wpcf7-email wpcf7-validates-as-email\" aria-invalid=\"false\" \/><\/span>\n      <\/div>\n<\/div>\n<div class=\"col-12 additional-info\">\n<h3>Dodatkowe informacje o dziecku i rodzinie<\/h3>\n<p>      <label> Dodatkowe informacje <span class=\"wpcf7-form-control-wrap additional-info\"><textarea name=\"additional-info\" cols=\"40\" rows=\"10\" class=\"wpcf7-form-control wpcf7-textarea\" aria-invalid=\"false\"><\/textarea><\/span> <\/label><\/p>\n<h3>Informacje dotycz\u0105ce ochrony danych osobowych<\/h3>\n<p>      <span class=\"acceptance\"><span class=\"wpcf7-form-control-wrap acceptance\"><span class=\"wpcf7-form-control wpcf7-acceptance\"><span class=\"wpcf7-list-item\"><input type=\"checkbox\" name=\"acceptance\" value=\"1\" aria-invalid=\"false\" \/><\/span><\/span><\/span> Ochrona danych osobowych plac\u00f3wki prowadzona jest zgodnie z ustaw\u0105 o ochronie danych osobowych (Dz. U. z dnia 24 maja 2018 r., poz. 1000 z p\u00f3\u017an. zm.) oraz Rozporz\u0105dzeniem Parlamentu Europejskiego i Rady (UE) 2016\/679 z dnia 27 kwietnia 2016 r. w sprawie ochrony os\u00f3b fizycznych w zwi\u0105zku z przetwarzaniem danych osobowych i w sprawie swobodnego przep\u0142ywu takich danych (og\u00f3lne rozporz\u0105dzenie o ochronie danych).<\/span><\/p>\n<h3>Za\u0142\u0105czniki do zg\u0142oszenia<\/h3>\n<p>      <span class=\"wpcf7-form-control-wrap file\"><input type=\"file\" name=\"file\" size=\"40\" class=\"wpcf7-form-control wpcf7-file\" accept=\".jpg,.jpeg,.png,.gif,.pdf,.doc,.docx,.ppt,.pptx,.odt,.avi,.ogg,.m4a,.mov,.mp3,.mp4,.mpg,.wav,.wmv\" aria-invalid=\"false\" \/><\/span><br \/>\n      <span class=\"attach-desc\">np. skan dokument\u00f3w dziecka, orzeczenia itp.<\/span><\/p>\n<p>      <input type=\"submit\" value=\"Wy\u015blij\" class=\"wpcf7-form-control has-spinner wpcf7-submit\" \/>\n    <\/p><\/div>\n<\/div>\n<\/div>\n<div class=\"wpcf7-response-output\" aria-hidden=\"true\"><\/div><\/form><\/div><\/div>\n\n\n\n<p><\/p>\n","protected":false},"excerpt":{"rendered":"<p>O PRZYJ\u0118CIU DZIECKA DO&nbsp;NASZEJ PLAC\u00d3WKI DECYDUJE KOLEJNO\u015a\u0106 ZG\u0141OSZE\u0143, DZIECI PRZYJMOWANE S\u0104&nbsp;W ZALE\u017bNO\u015aCI OD&nbsp;ILO\u015aCI WOLNYCH MIEJSC W&nbsp;DANEJ GRUPIE WIEKOWEJ KLAUZULA INFORMACYJNA&nbsp;do&nbsp;przetwarzania danych osobowych Na podstawie art. 13&nbsp;ust. 1&nbsp;Rozporz\u0105dzenia Parlamentu Europejskiego i&nbsp;Rady (UE) 2016\/679 z&nbsp;dnia 27&nbsp;kwietnia 2016 r. w&nbsp;sprawie ochrony os\u00f3b fizycznych w&nbsp;zwi\u0105zku z&nbsp;przetwarzaniem danych osobowych i&nbsp;w&nbsp;sprawie swobodnego przep\u0142ywu takich danych (og\u00f3lne rozporz\u0105dzenie o&nbsp;ochronie danych), zwane dalej [&hellip;]<\/p>\n","protected":false},"author":1,"featured_media":0,"parent":0,"menu_order":0,"comment_status":"closed","ping_status":"closed","template":"","meta":{"footnotes":""},"class_list":["post-16","page","type-page","status-publish","hentry"],"_links":{"self":[{"href":"https:\/\/przyjaznydomek.com.pl\/przedszkole2\/wp-json\/wp\/v2\/pages\/16","targetHints":{"allow":["GET"]}}],"collection":[{"href":"https:\/\/przyjaznydomek.com.pl\/przedszkole2\/wp-json\/wp\/v2\/pages"}],"about":[{"href":"https:\/\/przyjaznydomek.com.pl\/przedszkole2\/wp-json\/wp\/v2\/types\/page"}],"author":[{"embeddable":true,"href":"https:\/\/przyjaznydomek.com.pl\/przedszkole2\/wp-json\/wp\/v2\/users\/1"}],"replies":[{"embeddable":true,"href":"https:\/\/przyjaznydomek.com.pl\/przedszkole2\/wp-json\/wp\/v2\/comments?post=16"}],"version-history":[{"count":8,"href":"https:\/\/przyjaznydomek.com.pl\/przedszkole2\/wp-json\/wp\/v2\/pages\/16\/revisions"}],"predecessor-version":[{"id":989,"href":"https:\/\/przyjaznydomek.com.pl\/przedszkole2\/wp-json\/wp\/v2\/pages\/16\/revisions\/989"}],"wp:attachment":[{"href":"https:\/\/przyjaznydomek.com.pl\/przedszkole2\/wp-json\/wp\/v2\/media?parent=16"}],"curies":[{"name":"wp","href":"https:\/\/api.w.org\/{rel}","templated":true}]}}